 n = -54. Suppose -l - 50 = -h, 12 = l + 2*l. Calculate the highest common divisor of h and n.
18
Suppose 2*i - 10 - 24 = 0. Let s = i + -10. Calculate the greatest common divisor of s and 49.
7
Suppose -2*k + 57 - 282 = -g, 0 = 3*g + 4*k - 675. What is the highest common divisor of 25 and g?
25
Let c(w) = 82*w - 2. Let g be c(2). Let b = 7 - 5. Let p be (1 - b)/(4/(-72)). Calculate the highest common divisor of p and g.
18
Suppose -5*j + 451 = i, -24 = j - 2*i - 123. Calculate the highest common divisor of j and 7.
7
Let c = 60 - 39. Let f be 8/3*c/2. Let w = -13 + 27. Calculate the greatest common factor of w and f.
14
Suppose -4*a = -3*s - a + 99, s - 5*a = 33. Calculate the greatest common factor of s and 44.
11
Let d(l) = -l + 2*l + 3*l**3 + 55 - 4*l**3 - 11. Suppose -m = -6*m. Let b be d(m). Calculate the highest common divisor of 4 and b.
4
Suppose -5 = -a, -148 = -5*l + 4*a + 482. Calculate the greatest common divisor of 13 and l.
13
Let n = 6 - -1. Let u = n + 0. What is the greatest common factor of u and 77?
7
Let x(l) = -86*l + 4. Let r be x(-10). Let w = r - 614. Suppose 3*g - w = -2*g. Calculate the greatest common factor of 20 and g.
10
Let k be 24/(-10)*15/(-6). Calculate the highest common divisor of k and 3.
3
Let k(i) = -6*i**2 + 20*i - 18. Let a(u) = -2*u**2 + 7*u - 6. Let g(b) = 14*a(b) - 5*k(b). Let c be g(-6). What is the highest common divisor of 15 and c?
15
Let s(h) = 9*h - 7. Let k(c) = c**2 - 1. Let d(i) = 2*k(i) + s(i). Let w be d(-7). What is the greatest common factor of w and 65?
13
Suppose -5*c = -j - 67, -2*j - 30 + 78 = 4*c. What is the greatest common divisor of 143 and c?
13
Suppose 313 - 16 = 3*v. Calculate the greatest common divisor of 33 and v.
33
Let y(g) = -g**3 + 2*g**2 + 3*g + 3. Let i be y(-2). What is the highest common divisor of i and 65?
13
Let i = 7 + -4. Suppose i*n = 491 - 20. Let q = n + -69. Calculate the greatest common factor of q and 8.
8
Let d(v) = -v**2 - 4*v + 1. Let u be d(-3). Let b be (u/(-6))/((-10)/525). Let y = -18 + 25. What is the greatest common divisor of y and b?
7
Suppose 193 = -6*t + 859. Calculate the greatest common divisor of t and 3.
3
Suppose 2*y = 5*i + y - 26, 0 = -3*i + 2*y + 17. Let p = 80 - 57. Suppose 0 = -3*j + 37 + p. What is the highest common divisor of i and j?
5
Suppose -2*i = 0, 3*w = 4*i + 26 + 4. Let t = w + -6. Suppose -u = 3*n - 21 - 16, -t*n + 51 = 3*u. Calculate the greatest common factor of 12 and n.
12
Suppose -3*m + 15 + 3 = -t, 4*m + 3*t - 11 = 0. Suppose 0 = 2*v + 2*v. Suppose v*d + m*d = 60. What is the greatest common factor of d and 60?
12
Let s be -2*(-5)/(30/9). Suppose 2*k = -s*k + 280. Calculate the greatest common divisor of 84 and k.
28
Let p(n) = -n**3 + 5*n**2 + 6*n + 5. Let s be p(5). Suppose 3*u - s = -x - 3*x, 0 = -2*x + 3*u + 31. Calculate the highest common divisor of 1 and x.
1
Let n(a) = a**2 + 7*a + 8. Let q be -7 - ((-6)/3 - -1). Let s be n(q). Let k be (s/4)/(2/224). What is the highest common factor of k and 8?
8
Let n = 20 - -30. What is the greatest common factor of n and 125?
25
Let h be -1*2 + 2 + 0. Suppose 5*q - 121 - 59 = h. Suppose -4*o + z = -47, 4*o + 2*z = -z + 51. Calculate the greatest common factor of q and o.
12
Suppose -4*k - 12 = -80. Let a = k + -11. Let o(f) = f**2 + 4*f - 3. Let q be o(5). What is the greatest common factor of a and q?
6
Let v = 1 + 0. Let o be 15 + -6 - 2*v. What is the highest common divisor of 35 and o?
7
Let c(j) = -j**3 - 10*j**2 - 2*j - 12. Let h be c(-10). Calculate the highest common divisor of h and 88.
8
Suppose -20 = 5*x, 4*x = v - 0*x - 66. Suppose 6*i - i = v. Calculate the greatest common factor of 90 and i.
10
Let y = 46 - 29. Let k = -115 + 234. What is the greatest common factor of k and y?
17
Let v(x) = 10*x**2 + 3*x - 2. Let k be v(-2). Calculate the highest common divisor of k and 80.
16
Suppose o + j = 144, -2*o - 432 = -5*o + 5*j. What is the highest common factor of o and 16?
16
Suppose 6*q - 5*q - 8 = 0. What is the highest common divisor of 20 and q?
4
Let u be ((-3)/(-6)*2)/1. What is the greatest common divisor of u and 11?
1
Suppose 3*b - 7 - 3 = -4*t, -4 = -b - 2*t. Suppose 2*o = -2*i + 30, 4*i - 66 = -o - o. Calculate the highest common factor of i and b.
2
Let h = 0 + 1. Let c = 17 + -1. Let w = c + -14. Calculate the greatest common divisor of w and h.
1
Let x = -37 + 61. Calculate the highest common divisor of 168 and x.
24
Suppose 3*a - 228 = -4*s, -a + 296 = 8*s - 3*s. Let f = -31 + s. Calculate the greatest common factor of f and 87.
29
Let u(l) be the first derivative of 27*l**4 + 1. Let b be u(1). Suppose 2*n + 3*w = 108, -5*w = 3*n - n - b. What is the highest common factor of n and 6?
6
Let l(z) = z**2 + 9. Let a be l(6). Calculate the greatest common factor of 30 and a.
15
Suppose 0 = 2*d + 292 - 1012. Calculate the greatest common factor of d and 10.
10
Suppose 4*o - 110 = -o. Suppose 3*i = 2*b + 2 + 12, 2*i - 3*b - 1 = 0. Let f be 22/i + 6/(-8). Calculate the highest common divisor of f and o.
2
Let t be -18*(2/(-8) - 124/16). What is the greatest common factor of 36 and t?
36
Let j = -32 - -41. Suppose -4*a + f - 2*f - 3 = 0, a + 17 = 3*f. Let s be (-1 - a)/((-1)/(-3)). What is the highest common divisor of j and s?
3
Let d = -3 - -5. Let i be 2 + -2 + d + 4. What is the greatest common factor of 2 and i?
2
Let f be (-6 + 4)*(-8 + 0). Let r = 22 - f. Let t(j) = -j**3 + 5*j**2 + 8*j + 3. Let o be t(6). Calculate the greatest common factor of o and r.
3
Suppose -3*t = -5*t + 26. Let i = t - -11. What is the highest common factor of i and 16?
8
Let n = 83 + -57. Calculate the highest common factor of n and 78.
26
Let l(j) = -j**3 - j**2 + 5*j + 4. Let s(f) = f**3 - 5*f - 4. Let b(r) = 6*l(r) + 5*s(r). Let k be b(-7). What is the highest common divisor of k and 45?
9
Let c(s) = -s**3 - 12*s**2 + 28*s + 1. Let b be c(-14). What is the greatest common factor of 11 and b?
1
Let p(j) = -42*j + 6. Let w(x) = 14*x - 2. Let r(z) = -5*p(z) - 14*w(z). Let g be r(1). What is the highest common divisor of g and 96?
12
Let p be 8/1*(2 + -3). Suppose 6*x + 33 = 3*x. Let u = p - x. Calculate the greatest common divisor of u and 12.
3
Let c = -20 + 35. Let v = -5 + 9. Suppose -72 = -g + v*r, -95 = -2*g + 3*r + 34. What is the highest common divisor of c and g?
15
Suppose -a - 4*c = -359, 5*a + c + 2*c - 1778 = 0. What is the greatest common factor of 71 and a?
71
Let l = -13 - -22. Suppose -5*a + 356 - 41 = 0. Calculate the highest common divisor of a and l.
9
Let b(p) = -p + 21. Let x be b(0). Suppose -4*n = -f - 3*f - 12, 5*f - 2*n + x = 0. Let k = 13 + f. What is the greatest common divisor of k and 56?
8
Suppose 0 = q + 129 + 11. Let m be (18/15)/((-6)/q). What is the highest common divisor of m and 14?
14
Let f be (2/(-1) - -3) + 1. Calculate the highest common factor of 3 and f.
1
Suppose 2*h - 54 = 14. Let l = 6 + 0. Suppose 5*a = -4*q + 93, 0 = 2*q - l*a + 3*a - 19. What is the highest common factor of h and q?
17
Let y(c) = -c**2 + 4*c + 2. Let f be y(4). Suppose 0 = 4*k + 2*k - 12. Let w be 18/k*22/f. What is the highest common factor of w and 11?
11
Let y(r) = -r**2 - 6*r - 5. Let j be y(-5). Suppose -7*d + 3*d = j. Suppose 0*v + v - 18 = d. Calculate the highest common factor of v and 27.
9
Suppose -t = 4*t - 770. Calculate the greatest common divisor of 14 and t.
14
Let c(h) be the first derivative of 2*h**3/3 + 4*h**2 + 3*h + 2. Let t be c(-5). Calculate the greatest common factor of t and 13.
13
Let y(t) = -t**3 + 8*t**2 - 9*t + 5. Let i be y(7). Let s = i - -24. What is the greatest common divisor of s and 45?
15
Let r = 579 - 336. What is the highest common divisor of 27 and r?
27
Let z(x) = -x**2 - 2*x - 1. Let k be z(-1). Suppose k = -3*u + 6*u - 51. Calculate the greatest common factor of 119 and u.
17
Let g(f) = -2 + 1 - 3 - 2*f. Let z be g(-6). Let y = -81 - -121. What is the highest common divisor of z and y?
8
Suppose -5*a + 48 = -4*w, -39 = -4*a + w + 2*w. What is the highest common factor of 3 and a?
3
Let b be 10/(-3)*(-6)/5. Suppose -d + 4*f = 3*d + 952, b*f - 16 = 0. Let x = 354 + d. Calculate the greatest common divisor of 15 and x.
15
Suppose -4*d + c = -2*c - 46, -4*d + c + 42 = 0. Suppose d = 3*q + 4. What is the highest c